4*i - 90 = 0, k - 42 = -i + 2*i. Calculate the remainder when k is divided by 15.
13
Let f(l) = l**3 + 6*l**2 + 6*l + 5. Let b be f(-2). Suppose -78 = b*h - 3*h. Let v = 27 + h. Calculate the remainder when 95 is divided by v.
11
Suppose -19*l = -6*l - 962. Suppose 14*h - 21*h = 121*h - 1664. Calculate the remainder when l is divided by h.
9
Suppose 7 = r - 13. Let c(m) = -4*m**3 + m**2 - 8*m. Let v(f) = -f**3 - f. Let w(j) = -c(j) + 5*v(j). What is the remainder when w(-4) is divided by r?
16
Let j(i) = -94*i + 3363. Calculate the remainder when j(35) is divided by 39.
34
Suppose 9*q = 35 + 154. Let c = q + -19. Calculate the remainder when 10 is divided by c.
0
Suppose 4*h = 50 + 2. Let v(k) = 8*k**2 - 285*k - 87. What is the remainder when v(36) is divided by h?
8
Calculate the remainder when ((-1)/(-2) - 186/8)/(8/(-32)) is divided by 25.
16
Let b be ((-60)/120)/(((-3)/(-4))/(-3)). Suppose -b*x + 766 = 2*t, -4*x + 6*t + 1550 = 4*t. What is the remainder when x is divided by 65?
61
Suppose -5*v + 2*t = 6*t - 8, 2*v + 3*t - 6 = 0. Suppose 10*s - 185 + 15 = v. What is the remainder when s is divided by (10/(-8))/((-3)/12)?
2
Suppose 2*n = -133*c + 132*c + 1788, -5*n + 4477 = -c. Calculate the remainder when n is divided by 13.
11
Suppose -4*g = -4*n - 28, 14*g - 12*g - 3*n - 19 = 0. Suppose -3*u + g*m - m + 167 = 0, -m = 5. What is the remainder when u is divided by 39?
15
Suppose -2*v - 297 = -5*m + 2689, v = 2*m - 1195. Let h = m - 595. Calculate the remainder when 26 is divided by h.
0
Let b = 3593 - 3475. Calculate the remainder when 1290 is divided by b.
110
Let f be (-148 + 1)*(-2)/3. What is the remainder when 41 is divided by ((-64)/28)/((-28)/f)?
1
Let y be (-104)/3*21/(-14). Let m = y + -28. Calculate the remainder when (-2)/29 - (-615051)/3219 is divided by m.
23
Suppose 42*v - 45*v + 2507 = -h, 0 = -2*v - 4*h + 1634. What is the remainder when v is divided by 22?
19
Suppose 2166 + 1846 = 59*s. Calculate the remainder when 800 is divided by s.
52
Let l = -114 - -102. Let z be -2*1/12 - 62/l. Suppose -2*h + 58 = 2*n, z*h - 151 = 5*n + 44. What is the remainder when h is divided by 7?
6
Let q = -409 + 414. Suppose 4*d - 3*y = 61 + 72, -4*y + 143 = q*d. What is the remainder when 92 is divided by d?
30
Suppose 0*f = -31*f + 744. Suppose 5*n - f = -c, -6*n + 10*n = c + 12. Calculate the remainder when 21 is divided by c.
1
Suppose -33649 = -2001*f + 1868*f. Calculate the remainder when 1236 is divided by f.
224
Let m = -22 - 68. What is the remainder when 54/(5/3*m/(-75)) is divided by 14?
13
Let l(v) = -3*v**3 + 2*v**3 + 3 - 26*v**2 + 0*v**3 + 16*v**2. Suppose 0*w + 5*w - 20 = 0. Calculate the remainder when w is divided by l(-10).
1
Let i(r) = 5787*r - 3415. Calculate the remainder when i(2) is divided by 48.
47
Let r(z) = 2*z**2 + 14*z + 38. Suppose -11*g + 4*g = 42. What is the remainder when 363 is divided by r(g)?
25
Suppose 0 = -78*o - 25*o + 60255. What is the remainder when o is divided by 28?
25
Suppose 0 = -32*t + 26*t + 1014. Let s = t + -152. Calculate the remainder when 62 is divided by s.
11
Let x(t) = -t**2 + 8. Let u = -20 - -23. Suppose 5*w - 3*l + u - 19 = 0, -w = -4*l - 10. What is the remainder when x(w) is divided by 2?
0
Suppose 0 = -31*u - 289 + 1715. What is the remainder when 65 is divided by u?
19
Suppose -188 = -8*p + 132. Suppose -54*w = -44*w - p. What is the remainder when 71 is divided by w?
3
Suppose -3*w - 17 = -4*w. Let f(y) = -2*y**2 - 8 - 11*y + 16*y + y**2 + 3*y**2. Calculate the remainder when w is divided by f(2).
7
Let c(v) = 7*v**3 - 86*v**2 + 28*v + 22. Calculate the remainder when c(12) is divided by 64.
6
Let k = 70 + -63. Suppose k*r - 220 = 333. Suppose -v = -r + 52. Calculate the remainder when 53 is divided by v.
26
Let p = 3820 + -3610. Calculate the remainder when 3564 is divided by p.
204
Let b = 26 + 26. What is the remainder when 43092/119 + 6/(-51) is divided by b?
50
Let v(p) = 148*p**3 - 5*p**2 + 4*p - 3. Let l = 518 - 517. Calculate the remainder when v(l) is divided by 21.
18
Suppose -739*h = -723*h - 624. Suppose 0 = 3*t - 17 - 28. What is the remainder when h is divided by t?
9
Let v = 2738 - 2685. Calculate the remainder when 4080 is divided by v.
52
Let h(n) = -2*n**2 - 24*n - 31. Let z be h(-11). Let w(a) = 6*a - 7. Calculate the remainder when ((-60)/z)/(-10)*-171 is divided by w(6).
27
Let v(c) = 4*c - 182. Let m = -4 + 8. Calculate the remainder when v(53) is divided by m.
2
Suppose z + 19*w - 305 = 22*w, 0 = 2*z + 2*w - 642. Calculate the remainder when z is divided by 20.
17
Suppose 52*i - 49*i - 69 = -3*a, -97 = -5*i + a. What is the remainder when 246 is divided by i?
6
Let k = 77 - 72. Suppose 7 = 3*m + 2*n - 8, 0 = k*m + 4*n - 25. Suppose m*f + 3*f - 1440 = 0. What is the remainder when f is divided by 13?
11
Let y = -522 - -652. Let n = -186 + 231. Calculate the remainder when y is divided by n.
40
What is the remainder when 1018 + (3 + 9)*(-8 + 17/2) is divided by 261?
241
Suppose 12*z + 27*z = 23*z + 4784. Calculate the remainder when 1494 is divided by z.
298
Let q = 1085 - 1070. Calculate the remainder when 2877 is divided by q.
12
Let l(t) be the third derivative of -t**6/60 + t**5/20 + t**4/24 + 25*t**3/6 - 13*t**2. Calculate the remainder when l(0) is divided by 15.
10
Calculate the remainder when (-1364)/(-66) - 19 - (-2416)/3 is divided by 348.
111
Let o(a) = 35*a**2 + 4*a - 149. Let l(d) = 64*d**2 + 7*d - 297. Let h(t) = -6*l(t) + 11*o(t). What is the remainder when h(0) is divided by 57?
29
Let b(v) = -9 + 3*v + 10 - 5. Let n(z) = 7*z**2 - 1. Let r be n(-1). What is the remainder when 96 is divided by b(r)?
12
Let r(a) = -4*a**3 + a - 23*a**3 - 2*a - a**2 + 0*a**2. Let w(l) = 5*l**2 + l - 50. What is the remainder when w(5) is divided by r(-1)?
26
Let y(b) = 83*b**2 + 22*b - 21. Calculate the remainder when y(2) is divided by 343.
12
What is the remainder when 3246 is divided by 3/(-9)*(86 + -161)?
21
Let b be 5/(-20)*656/(-4). Let s = -94 + b. Let l = s - -88. What is the remainder when l is divided by 18?
17
Suppose -n = -j - 48, 3*j = -2*n + 47 + 34. Suppose n*h - 105 = 40*h. Calculate the remainder when 56 is divided by h.
14
Suppose -2*p - 689 = 8*h - 13*h, h + 3*p = 148. Calculate the remainder when h is divided by 37.
28
Suppose 56 - 696 = -10*c. Suppose 3*g - 4*p = -80, -5*g = -3*g - 5*p + 51. Let u = g - -50. Calculate the remainder when c is divided by u.
20
Suppose 2727*m = 2704*m + 115. What is the remainder when 19 is divided by m?
4
Let q = 783 + -772. Suppose -q = 2*p - 429. Calculate the remainder when p is divided by 54.
47
Let a = 4600 - 4190. What is the remainder when a is divided by 59?
56
Let f = -180 - -189. Suppose 58 = i + 2*m, 5*m = -4*i - i + 270. What is the remainder when i is divided by f?
5
Let w(h) = 338*h + 1021. Calculate the remainder when w(11) is divided by 79.
78
What is the remainder when 27/12*((-5786)/(-66) - 5) is divided by 180?
6
Let c be (5 + -3 - 3) + 1. Suppose -42 + 114 = 12*y. Suppose c = 8*v + y*v - 182. What is the remainder when 103 is divided by v?
12
What is the remainder when 375 is divided by (0 + -1)*47/(752/(-768))?
39
Let z(w) = w**2 + 42*w - 445. Let m(u) = 748*u - 1. What is the remainder when m(1) is divided by z(-52)?
72
Let u(r) = -9 - 112*r - r**3 - 19*r**2 + 223*r - 112*r. What is the remainder when 49 is divided by u(-19)?
9
Let d(s) = -6*s**3 - 51*s**2 + 7*s + 102. What is the remainder when d(-9) is divided by 22?
18
Calculate the remainder when (2/6 + (-3976)/(-42))*2109/95 is divided by 16.
13
Let b(o) = -65*o + 1052. Calculate the remainder when b(14) is divided by 96.
46
Let a = 4499 + -4449. Calculate the remainder when 8549 is divided by a.
49
Suppose 12003 + 2273 = 166*r. What is the remainder when 266 is divided by r?
8
Calculate the remainder when 4892 is divided by 1084248/(-3330)*(1 - 6).
8
Suppose -15*z = 2*m - 16*z - 1213, -4*z + 2408 = 4*m. Calculate the remainder when m is divided by 154.
143
Calculate the remainder when -15*(7 - 53/3) is divided by (-6 + 1)*(-23)/10*2.
22
Let g(m) = m**3 + 12*m**2 - 19*m - 8. Let d be g(-14). Let u = d + 139. What is the remainder when 14 is divided by u?
4
Suppose 363 = -5*q - 2*v + 1338, -5*v + 780 = 4*q. What is the remainder w